emainder when 2653 is divided by 119.
35
Calculate the remainder when 474 is divided by 34.
32
What is the remainder when 200 is divided by 107?
93
Calculate the remainder when 83 is divided by 21.
20
What is the remainder when 100 is divided by 51?
49
Calculate the remainder when 87 is divided by 46.
41
What is the remainder when 61 is divided by 55?
6
Calculate the remainder when 322 is divided by 81.
79
Calculate the remainder when 735 is divided by 112.
63
What is the remainder when 62 is divided by 34?
28
What is the remainder when 1143 is divided by 130?
103
What is the remainder when 78 is divided by 10?
8
Calculate the remainder when 775 is divided by 260.
255
Calculate the remainder when 76 is divided by 4.
0
What is the remainder when 52 is divided by 25?
2
Calculate the remainder when 2593 is divided by 18.
1
Calculate the remainder when 25 is divided by 16.
9
Calculate the remainder when 900 is divided by 41.
39
Calculate the remainder when 212 is divided by 155.
57
Calculate the remainder when 1403 is divided by 235.
228
What is the remainder when 255 is divided by 87?
81
Calculate the remainder when 6879 is divided by 5.
4
What is the remainder when 734 is divided by 40?
14
Calculate the remainder when 967 is divided by 36.
31
Calculate the remainder when 239 is divided by 67.
38
Calculate the remainder when 3159 is divided by 29.
27
What is the remainder when 878 is divided by 19?
4
What is the remainder when 32 is divided by 29?
3
What is the remainder when 349 is divided by 347?
2
Calculate the remainder when 211 is divided by 72.
67
What is the remainder when 13 is divided by 7?
6
Calculate the remainder when 47 is divided by 23.
1
Calculate the remainder when 328 is divided by 46.
6
Calculate the remainder when 51 is divided by 13.
12
Calculate the remainder when 256 is divided by 23.
3
What is the remainder when 67 is divided by 13?
2
Calculate the remainder when 3990 is divided by 111.
105
Calculate the remainder when 56 is divided by 15.
11
Calculate the remainder when 3924 is divided by 17.
14
Calculate the remainder when 1079 is divided by 135.
134
What is the remainder when 32 is divided by 24?
8
What is the remainder when 15103 is divided by 182?
179
What is the remainder when 3679 is divided by 12?
7
What is the remainder when 306 is divided by 159?
147
Calculate the remainder when 317 is divided by 68.
45
What is the remainder when 701 is divided by 115?
11
Calculate the remainder when 508 is divided by 40.
28
Calculate the remainder when 2716 is divided by 6.
4
Calculate the remainder when 41 is divided by 13.
2
Calculate the remainder when 310 is divided by 122.
66
What is the remainder when 46 is divided by 24?
22
What is the remainder when 112 is divided by 5?
2
Calculate the remainder when 1238 is divided by 35.
13
What is the remainder when 16 is divided by 9?
7
Calculate the remainder when 520 is divided by 228.
64
Calculate the remainder when 1527 is divided by 31.
8
What is the remainder when 201 is divided by 42?
33
What is the remainder when 1014 is divided by 9?
6
Calculate the remainder when 927 is divided by 58.
57
What is the remainder when 195 is divided by 9?
6
Calculate the remainder when 1668 is divided by 286.
238
What is the remainder when 204 is divided by 71?
62
Calculate the remainder when 605 is divided by 15.
5
Calculate the remainder when 1383 is divided by 25.
8
Calculate the remainder when 1785 is divided by 21.
0
Calculate the remainder when 7708 is divided by 203.
197
What is the remainder when 156 is divided by 27?
21
What is the remainder when 303 is divided by 98?
9
What is the remainder when 745 is divided by 223?
76
Calculate the remainder when 130 is divided by 9.
4
What is the remainder when 25 is divided by 15?
10
Calculate the remainder when 94 is divided by 33.
28
Calculate the remainder when 1296 is divided by 432.
0
Calculate the remainder when 49 is divided by 13.
10
What is the remainder when 97 is divided by 11?
9
Calculate the remainder when 1193 is divided by 4.
1
Calculate the remainder when 327 is divided by 55.
52
What is the remainder when 114 is divided by 28?
2
What is the remainder when 268 is divided by 17?
13
What is the remainder when 80 is divided by 71?
9
Calculate the remainder when 8811 is divided by 339.
336
What is the remainder when 323 is divided by 162?
161
Calculate the remainder when 1278 is divided by 3.
0
What is the remainder when 317 is divided by 53?
52
Calculate the remainder when 413 is divided by 32.
29
What is the remainder when 153 is divided by 3?
0
Calculate the remainder when 1300 is divided by 635.
30
Calculate the remainder when 285 is divided by 13.
12
Calculate the remainder when 287 is divided by 36.
35
Calculate the remainder when 82 is divided by 35.
12
What is the remainder when 228 is divided by 33?
30
What is the remainder when 2307 is divided by 15?
12
Calculate the remainder when 22 is divided by 3.
1
Calculate the remainder when 240 is divided by 11.
9
Calculate the remainder when 3048 is divided by 28.
24
Calculate the remainder when 233 is divided by 45.
8
Calculate the remainder when 157 is divided by 53.
51
What is the remainder when 2667 is divided by 134?
121
Calculate the remainder when 208 is divided by 14.
12
What is the remainder when 104 is divided by 24?
8
What is the remainder when 1277 is divided by 32?
29
What is the remainder when 538 is divided by 206?
126
Calculate the remainder when 1327 is divided by 19.
16
What is the remainder when 174 is divided by 16?
14
Calculate the remainder when 182 is divided by 10.
2
What is the remainder when 225 is divided by 10?
5
Calculate the remainder when 6001 is divided by 2000.
1
What is the remainder when 991 is divided by 31?
30
Calculate the remainder when 232 is divided by 214.
18
What is the remainder when 27142 is divided by 29?
27
What is the remainder when 470 is divided by 138?
56
What is the remainder when 24 is divided by 4?
0
What is the remainder when 2509 is divided by 833?
10
What is the remainder when 1762 is divided by 584?
10
Calculate the remainder when 268 is divided by 90.
88
Calculate the remainder when 2925 is divided by 24.
21
What is the remainder when 1046 is divided by 35?
31
Calculate the remainder when 203 is divided by 4.
3
What is the remainder when 903 is divided by 15?
3
What is the remainder when 433 is divided by 15?
13
What is the remainder when 442 is divided by 22?
2
What is the remainder when 17 is divided by 15?
2
What is the remainder when 78 is divided by 30?
18
Calculate the remainder when 1176 is divided by 48.
24
Calculate the remainder when 183 is divided by 63.
57
What is the remainder when 1232 is divided by 200?
32
What is the remainder when 158 is divided by 55?
48
Calculate the remainder when 1055 is divided by 353.
349
What is the remainder when 114 is divided by 17?
12
Calculate the remainder when 51 is divided by 49.
2
What is the remainder when 465 is divided by 21?
3
Calculate the remainder when 675 is divided by 4.
3
Calculate the remainder when 53 is divided by 15.
8
Calculate the remainder when 115 is divided by 42.
31
What is the remainder when 89 is divided by 74?
15
Calculate the remainder when 419 is divided by 101.
15
What is the remainder when 201 is divided by 34?
31
What is the remainder when 249 is divided by 114?
21
Calculate the remainder when 50 is divided by 3.
2
What is the remainder when 580 is divided by 7?
6
Calculate the remainder when 4165 is divided by 244.
17
Calculate the remainder when 15076 is divided by 104.
100
Calculate the remainder when 74 is divided by 66.
8
What is the remainder when 420 is divided by 108?
96
What is the remainder when 245 is divided by 19?
17
Calculate the remainder when 15444 is divided by 50.
44
What is the remainder when 203 is divided by 3?
2
What is the remainder when 267 is divided by 82?
21
Calculate the remainder when 485 is divided by 82.
75
What is the remainder when 482 is divided by 477?
5
Calculate the remainder when 207 is divided by 76.
55
What is the remainder when 219 is divided by 17?
15
What is the remainder when 3217 is divided by 92?
89
Calculate the remainder when 56 is divided by 43.
13
Calculate the remainder when 208 is divided by 3